
In base 15, what is -1955b4d - -5?
-1955b48
In base 8, what is 113001 - -3154?
116155
In base 13, what is -236 - -24b5c0?
24b387
In base 8, what is -1 + -117126671?
-117126672
In base 4, what is -13101302233 - -131?
-13101302102
In base 4, what is 3123100 + 1112232?
10301332
In base 16, what is 6a83e8 - -6?
6a83ee
In base 8, what is -4 - 24720375?
-24720401
In base 11, what is -12408 - -2727?
-a791
In base 13, what is -101843 + -36?
-101879
In base 9, what is -5 - 23721310?
-23721315
In base 11, what is -2888000 - 28?
-2888028
In base 9, what is 8355 - 6123?
2232
In base 6, what is -433221554 - 1?
-433221555
In base 13, what is 2014a - -114?
20261
In base 14, what is -4 - -34d1276?
34d1272
In base 3, what is 2120202020020020 - 2?
2120202020020011
In base 3, what is 11220211102211100 + -1?
11220211102211022
In base 8, what is 21365 - -6?
21373
In base 3, what is -1102 + -200122220101?
-200122221210
In base 7, what is -3301 + -5112?
-11413
In base 12, what is 7a5 - -18559b?
186184
In base 8, what is -5 + -566633411?
-566633416
In base 13, what is 10657ab + 5?
10657b3
In base 6, what is 11114 + -43424?
-32310
In base 5, what is -4143 + -3021431?
-3031124
In base 2, what is -101001011100111110 - 11011?
-101001011101011001
In base 11, what is 297691 - -1266?
298947
In base 15, what is 374201 + -6?
3741ea
In base 2, what is -10011100100011101110111 - 100?
-10011100100011101111011
In base 4, what is -12012 + 120320111?
120302033
In base 10, what is 21 - 595442?
-595421
In base 11, what is 0 + 14939?
14939
In base 11, what is -5 - 8614a80?
-8614a85
In base 4, what is 1110322 - 323230?
121032
In base 10, what is 6 + -21645291?
-21645285
In base 7, what is -6065 - 124542?
-133640
In base 13, what is 1 + -21a7bc0?
-21a7bbc
In base 4, what is 1 + 310103313231?
310103313232
In base 3, what is -22002200200011 + 121?
-22002200122120
In base 12, what is 12741a01b + 0?
12741a01b
In base 16, what is -1e + 24?
6
In base 12, what is 81 + 7794b?
77a10
In base 16, what is 1ca + 254ad?
25677
In base 16, what is -7419 + 2a0?
-7179
In base 2, what is 10000010101110000100110 - -1?
10000010101110000100111
In base 15, what is 142c514 + -5?
142c50e
In base 7, what is -3 - 2624440?
-2624443
In base 14, what is -14 - 276083?
-276097
In base 7, what is -162452523 + -144?
-162453000
In base 2, what is 1101000110101000000 - 101011?
1101000110100010101
In base 4, what is -2031010 + 123?
-2030221
In base 12, what is -6704 + -1360b?
-1a113
In base 4, what is -31231331 - 0?
-31231331
In base 4, what is 1103212 + 1031032?
2200310
In base 11, what is -a1 - 2a97?
-3088
In base 7, what is -3143 + 222212?
216036
In base 13, what is 7 + 239c08?
239c12
In base 5, what is 22120313 - 4?
22120304
In base 12, what is 242 - -168ba?
16b40
In base 5, what is -4334040 + 21432?
-4312103
In base 2, what is -110000001 - -11001110110101111011?
11001110101111111010
In base 7, what is -2003 - 5250212?
-5252215
In base 12, what is 2190 - -21a61?
24031
In base 5, what is -10 - -3040343324?
3040343314
In base 6, what is 32 + 450514252?
450514324
In base 7, what is 112624516 - 2?
112624514
In base 6, what is 523240021 + -5?
523240012
In base 11, what is -a09 + 163a9?
154a0
In base 11, what is 7818138 + 6?
7818143
In base 16, what is -14cafb + 0?
-14cafb
In base 3, what is 20122011121010202 - -2?
20122011121010211
In base 14, what is 1aa23 + 1524?
1c147
In base 2, what is 11011100 + -10110111101111?
-10110100010011
In base 2, what is -110000 + -1110010100011010?
-1110010101001010
In base 11, what is 489159 - 11?
489148
In base 3, what is -12121112 + -201122011?
-221020200
In base 7, what is -36045402 + -25?
-36045430
In base 2, what is 101 + -1010010010010111000000011110?
-1010010010010111000000011001
In base 12, what is 2a8b561a0 + -4?
2a8b56198
In base 16, what is -21d35 + -5fb?
-22330
In base 16, what is -3b + -35b20?
-35b5b
In base 10, what is -4 + 5425768?
5425764
In base 3, what is 201 + -120020222122?
-120020221221
In base 2, what is -101110001000000001 + -110011001000?
-101110111011001001
In base 12, what is 924a7 - -157?
92642
In base 11, what is 1009327 + -61?
1009276
In base 5, what is -101300 - 14132021?
-14233321
In base 12, what is -ab + -170143?
-170232
In base 16, what is a58 - 6abc?
-6064
In base 13, what is -157a0ba9 + -5?
-157a0bb1
In base 10, what is -3431764 + -4?
-3431768
In base 5, what is -111 + -10132234?
-10132400
In base 7, what is 644013 - -25466?
1002512
In base 2, what is 1101110011000111 - -111011111?
1101111010100110
In base 8, what is 27553 - 44?
27507
In base 12, what is -3 + -27a5840b?
-27a58412
In base 3, what is 110000021120 - 1211201?
102221102212
In base 6, what is 4115213415 + 3?
4115213422
In base 3, what is 10022112 + 2110110120?
2120210002
In base 15, what is d06e + -34?
d03a
In base 14, what is -808 + -dd96?
-107a0
In base 7, what is 1060 - 1116?
-26
In base 2, what is 111001111001011000001100 + -11000?
111001111001010111110100
In base 11, what is 2879 + -107a?
17aa
In base 5, what is -432300 - 33232?
-1021032
In base 11, what is 118309 + -17?
1182a2
In base 7, what is 2 + 21352111?
21352113
In base 2, what is 10101100111001100100110000 - -100?
10101100111001100100110100
In base 9, what is 80 + -8026?
-7836
In base 15, what is ea5cb + 11e?
ea6ea
In base 2, what is -1011100010101 - -101010100010?
-110001110011
In base 7, what is 1045535460 - 0?
1045535460
In base 3, what is 1200000222 + -21100?
1122202122
In base 16, what is 14 + -23acb9d?
-23acb89
In base 10, what is 9390 - -608?
9998
In base 12, what is -2860403 - -5?
-28603ba
In base 13, what is -305 + -24a4c?
-25054
In base 2, what is 10000 + 10011000000110100?
10011000001000100
In base 5, what is 12 + 1133133412?
1133133424
In base 7, what is 1 - 105503426?
-105503425
In base 3, what is 222100 - 12210122202?
-12202200102
In base 2, what is -10010010110100011100000 - -1?
-10010010110100011011111
In base 3, what is -101111022100220 + -211?
-101111022101201
In base 8, what is -7202307757 + -2?
-7202307761
In base 6, what is -153524 + -255?
-154223
In base 7, what is -661016004 - 10?
-661016014
In base 4, what is 2111311021 - 0?
2111311021
In base 3, what is -2021 - 201210012110?
-201210021201
In base 8, what is 10 + -20056302?
-20056272
In base 8, what is 0 + -32731404?
-32731404
In base 6, what is -3 - -13130123015?
13130123012
In base 3, what is 20020 - -12220110211211?
12220111002001
In base 10, what is -225047 - 2?
-225049
In base 14, what is -187 + -9177?
-9320
In base 5, what is 3 + -144431120?
-144431112
In base 3, what is 11 - 1102011221022200?
-1102011221022112
In base 11, what is 21 + 9182a?
91850
In base 2, what is -110001110 - 110111111110010?
-111000110000000
In base 16, what is 3 - -29ea593?
29ea596
In base 3, what is -22001 + -2001001121?
-2001100122
In base 16, what is 2d69a - -2e?
2d6c8
In base 5, what is -430033 - -11023?
-414010
In base 9, what is -187732065 - 0?
-187732065
In base 15, what is -1b + -1575a4?
-1575c0
In base 11, what is 79a1655 - -5?
79a165a
In base 16, what is 3 - -51ca4d1?
51ca4d4
In base 7, what is -3444021 - -366?
-3443322
In base 13, what is 2 - -131761ac?
131761b1
In base 11, what is -14235a0 - 11?
-1423601
In base 2, what is 10110100011000001110010111110 - 10?
10110100011000001110010111100
In base 12, what is -108a523b - 4?
-108a5243
In base 15, what is d - -5a194?
5a1a2
In base 12, what is 1 - 4426162?
-4426161
In base 5, what is -310411310132 + -4?
-310411310141
In base 3, what is -10200102100002 - 10110?
-10200102110112
In base 5, what is -21100123 - 33233?
-21133411
In base 14, what is -137 + 15150?
15017
In base 2, what is 101101011000000101001 - 1000?
101101011000000100001
In base 13, what is a - 26a3a6?
-26a399
In base 8, what is -63061 + -213?
-63274
In base 16, what is -1667d5 + 0?
-1667d5
In base 11, what is 276554 + -31?
276523
In base 11, what is 4a8216 - -5?
4a8220
In base 11, what is 1 - 124627200?
-1246271aa
In base 2, what is -1100000111010100011 + -111?
-1100000111010101010
In base 12, what is -38750a + -156?
-387664
In base 12, what is 32119 - -3270?
35389
In base 6, what is -104115304 + -35?
-104115343
In base 16, what is -6 - -af320?
af31a
In base 8, what is 71361223 + 2?
71361225
In base 15, what is 4b0 - -10eec?
114ac
In base 10, what is -3163